mposite number?
False
Suppose -2*v = -3*l - 4*v + 75, -25 = -l + 2*v. Suppose -3*m = -8*m - l. Let c(j) = 6*j**2 + 11*j + 2. Is c(m) a composite number?
False
Suppose 2*i = 5*n - 21, -3*i = -n + i - 3. Suppose -22 = -42*l + 104. Is (n/l)/((-20)/(-87540)) a composite number?
True
Let c(q) = 126*q**3 - 6*q**2 + 19*q - 5. Let u be c(3). Suppose -10*x + 8570 - u = 0. Is x prime?
False
Suppose 0 = -4*h - 2*l + 318, -3*h + 249 = -0*l - 2*l. Suppose -6711 = -h*d + 78*d. Is d a composite number?
False
Let x(q) = -172*q**3 - 6*q**2 + 15*q + 9. Let a be x(-6). Is a/60 + (-1)/4 prime?
False
Is (-2)/(-17) - 12/(4080/(-41693140)) a prime number?
False
Is 442/170*(-2 + -1 - -29198) a prime number?
False
Let d = 105 - 105. Suppose -18*v + 24*v - 7302 = d. Is v prime?
True
Let o = 36 - 31. Suppose o*y = -9374 + 51919. Is y prime?
False
Suppose 5*j + 255940 = 5*a, -4*a - 82*j + 85*j + 204757 = 0. Is a prime?
True
Suppose -2*y + 22686 = 2*p, 2*p + 4*y + 3*y = 22711. Is p a prime number?
False
Let a be 14/(-6) + 3 - 40/(-30). Suppose -a*f - 2*r = -5*r - 1954, -977 = -f - 4*r. Is f a prime number?
True
Suppose 153*i - 28*i = 8117375. Is i composite?
True
Let r = -133 + 121. Is ((-8)/r)/((-4)/(-23694)) composite?
True
Suppose 17 = j - 3*h - 0, 4*j - 28 = 4*h. Let y be (-50)/15*(j + 1). Let l(n) = -n**3 - 3*n**2 + 12*n + 7. Is l(y) a composite number?
False
Let c(j) = j**3 - j**2 + 83*j - 2647. Is c(26) composite?
False
Suppose 23*r = 27*r - 544. Let i = r - -1198. Suppose -2*f = 4*j - i, j - 4*f = -2*f + 321. Is j prime?
True
Let g = -284 + 278. Is g + 1941 - 1/(-4)*-4 a composite number?
True
Suppose 3*m + 6 = 3*r, -10*r = -11*r + 2*m - 1. Suppose -4*q + 14707 = -5*v, -3*q + 13877 - 2803 = r*v. Is q a composite number?
True
Suppose 3729*g - 3741*g + 8366724 = 0. Is g a prime number?
False
Let l(t) be the third derivative of 4*t**5/15 + t**4/3 - 3*t**3 + t**2. Let p be 5*(-1 + (-10)/(-5)). Is l(p) a composite number?
True
Let h be (-16)/(-10) - (-6)/15. Suppose 12 = c + h*c. Suppose -w + 3*s = -119, c*w - 2*s + 38 = 494. Is w prime?
True
Let m = 61989 + -28031. Is m prime?
False
Let m(k) = 18*k + 15205. Let i be m(0). Let y = i + -8322. Is y a composite number?
False
Suppose -p = -3*s + 1074, -s + 1034 = -p - 6*s. Let o = p + 2102. Is o a composite number?
True
Let o be 1*617 - 20/(-20) - 3. Suppose -2*h - 1 = -h, 0 = -4*x - 5*h + 27. Let f = x + o. Is f a prime number?
False
Let u = 375 - 387. Let j(s) = -86*s - 77. Is j(u) prime?
False
Let h = -2332 - -6034. Suppose 3*t = -3*p + h + 6855, -p - 2*t + 3517 = 0. Is p prime?
False
Let n(o) = 232*o**2 + 15*o - 327. Is n(-20) composite?
False
Let l(z) = 309*z - 22. Let k be l(6). Suppose -5*i = d - 2*d + k, -9 = -3*i. Is d prime?
True
Let n = 5411 - 5425. Let q(x) = 0*x + x - 24*x + 13. Is q(n) a composite number?
True
Let b = -53 - -57. Suppose 4*x + b*c - 1624 = 0, -5*x = -c + 218 - 2266. Is x a composite number?
False
Suppose 10072 = 568*l - 564*l. Suppose 20*w - 18*w = l. Is w a prime number?
True
Let w = 776416 + -453727. Is w a prime number?
False
Suppose 0 = -0*n - 2*n - 790. Let w = -66 - n. Suppose -3*d + 3*y + 753 = 0, d + 78 = -5*y + w. Is d prime?
True
Let g(a) = a**3 + 7*a**2 - 2*a - 100. Let r be g(-6). Let i be -7*((-2 - -2) + 3). Let l = i - r. Is l a composite number?
False
Suppose -2*j + 4*j - 10 = 0. Let b(d) = 2*d**2 + 32*d + 32. Let a be b(-15). Suppose a*n - 58 = -j*m + m, -72 = -2*n + 3*m. Is n a prime number?
False
Let w(m) = m**3 - m. Let a(u) = 5*u**3 - 9*u**2 - 2*u + 7. Let v(n) = -a(n) + 4*w(n). Let z be v(5). Suppose p = 2*b - 16 + z, -4 = 4*b. Is p composite?
True
Suppose -39*n + 309427 = 3*o - 35*n, 0 = -o + 2*n + 103139. Is o a prime number?
True
Let x = -1382 - -2579. Suppose -5*v = -6592 + x. Is v a prime number?
False
Let r be (-1)/(-3) + 2/(-6). Let g = -8640 + 8642. Suppose k - 5*s - 442 = 0, 3*k - g*s = -r*k + 1391. Is k a prime number?
True
Let x = 133 - 213. Let u = -75 - x. Let c(q) = 223*q - 28. Is c(u) a prime number?
True
Let o(b) = 8*b**2 + 20*b + 36. Let h be o(-2). Let k = -66 - -5. Let m = h - k. Is m a prime number?
True
Suppose 0 = -102*b - 52*b + 15*b + 29902097. Is b composite?
False
Let h = -75556 + 142239. Is h a prime number?
True
Suppose 2*m - 40143 = -3*y + 43168, -83251 = -3*y + 10*m. Is y composite?
False
Let l(m) = 16913*m - 1253. Is l(84) a prime number?
False
Let l = 93 - 91. Suppose -11*o - 26353 = -12*o + 2*r, 2*r - 52700 = -l*o. Is o a composite number?
True
Suppose -5*m - k + 0*k + 358 = 0, -4*m + 281 = -k. Suppose -20 = w - m. Is w composite?
True
Let y = -129 + 298. Suppose 18132 = -157*q + y*q. Is q prime?
True
Suppose 3*z + 184 = 7*z. Let y be z/(-6) + (-1)/3. Is (y + 1)/(4/(-20)) a prime number?
False
Let c(a) = -45*a**2 - 31*a + 32. Let v be c(1). Is (-2 + 48/20)/(v/(-1330670)) a composite number?
False
Let y(d) = d**2 - 22*d - 61. Suppose -20*a - 680 + 100 = 0. Is y(a) a prime number?
False
Suppose 4*l - 6179 = -f + 441334, 2*l + 2237543 = 5*f. Is f a composite number?
False
Let s = -217 + 247. Is 1*7909 - -5*(-12)/s a composite number?
False
Is ((-34)/24 - (-6)/8)*(-176013882)/132 prime?
True
Suppose 42*h = 234*h - 131598144. Is h composite?
True
Suppose 4*n = 4*i - 156, 6*n = 2*n + 2*i - 150. Is (5 + n/6)*-5731 composite?
True
Let t be (36/(-10))/(4/(-30)). Suppose t*g = 33*g - 72. Suppose 3410 = -2*l + g*l. Is l composite?
True
Let v(i) = i**3 + 21*i**2 + 2*i + 26. Let o be v(-21). Let y be (-8)/o*(4 + 0). Suppose y*r - 3*t - 1874 = 0, t - 3776 = -2*r - 2*r. Is r prime?
False
Suppose 22*r - 110 = -22. Suppose o - 5*o = 4*h - 1980, r*h = -o + 483. Is o prime?
True
Let c(o) = 41378*o + 295. Is c(2) prime?
False
Suppose -3*g = u - 11205, -4*g - 9094 = 4*u - 53906. Is (u/9)/(18/135) composite?
True
Let r(v) = -3 - v**3 - 11*v**2 + 0 + 6 - 2*v**2 + 14*v. Let f be r(-14). Suppose -4*i + 2*c = -822, 4*i + 0*i - f*c - 827 = 0. Is i a prime number?
False
Let m be -4*9/(-12) - (-44)/(-11). Is (-30 - -31)/(m/(-1))*6163 prime?
True
Let d(t) = 16*t**3 + 18*t**2 + 54*t + 151. Is d(18) prime?
True
Let f = -119 - -76. Let q = 47 + f. Is 471 - q - (-4)/1 a composite number?
True
Let k(f) be the first derivative of -f**4/12 - f**3/6 + 127*f**2/2 + 13*f + 13. Let y(s) be the first derivative of k(s). Is y(0) a composite number?
False
Suppose -6*n + 4*n + 10 = 0, 0 = -3*s + 2*n + 450443. Is s a composite number?
False
Suppose 0 = 2*z - r - 544903, 12*r = -z + 13*r + 272454. Is z a composite number?
False
Let x(f) be the third derivative of 11*f**6/120 + f**5/20 - f**4/4 - 3*f**3/2 - 135*f**2. Is x(7) a composite number?
True
Let f(h) be the third derivative of -13/12*h**4 + 0 - 53/6*h**3 + 0*h - 12*h**2. Is f(-17) a composite number?
False
Let i be 474/(-9) + -1 + (-2)/(-3). Let l = i - -24. Is 36/4*l*2/(-6) a composite number?
True
Suppose -4*d + 145*g = 150*g - 77794, 58343 = 3*d + 5*g. Is d a prime number?
False
Suppose -13*g + 47 = -70. Suppose -2*x + 3*z = -7, -7*x + 8*x = -4*z + g. Is ((-4613)/1)/(x + -6) composite?
True
Suppose 14 - 35 = -7*r. Suppose -r*a + 2 = -4, -2*a + 21093 = l. Is l prime?
True
Let n(v) = -v**3 + 12*v**2 - 13*v + 26. Let m be n(11). Suppose -4866 = -m*h + 13514. Is h a prime number?
False
Let f(m) = -39*m - 33 - 97*m - 26 - 218*m. Is f(-5) a composite number?
True
Let t(o) be the first derivative of -11 + 0*o + 14/3*o**3 + 1/4*o**4 + 10*o**2. Is t(-11) a prime number?
False
Suppose j - 5*j + 176 = 0. Let o = j + -39. Suppose -4*q + 557 = 3*s, o*s = q - 77 + 967. Is s composite?
False
Let n(v) = v**3 - 10*v**2 + 19*v + 9. Let w be n(3). Suppose 0 = -2*z - 0*z + 2008. Suppose d + w*d - z = 0. Is d a prime number?
True
Suppose -5*q + 2*g + 31350 = 5*g, -g = 2*q - 12541. Is q/17 + (-4 - 2*-1) a composite number?
False
Let b = 51237 + -12414. Is b a composite number?
True
Suppose 5*z = 3*u + 4, -6*u + 10*u = -5*z - 17. Is (-14 - 4)*-187 + (z - 0) prime?
False
Suppose -3*p = -o - 5, 10*p + 4*o + 20 = 5*p. Is (p + -15)*139865/(-275) a composite number?
True
Suppose -55 = -3*g + 140. Suppose 0 = -67*x + g*x + 17890. Is x composite?
True
Suppose 4*v - 136 - 56 = 0. Let n be 1/(-6) - (-152)/v. Suppose -2*z + n*z - 1409 = 0. Is z composite?
False
Let n = 292 - 290. Suppose -3*r + 1207 = k + r, n*k - 2*r - 2414 = 0. Is k composite?
True
Let